 -73 + -14?
-87
In base 15, what is 5 + 16?
1b
In base 4, what is 22 + 3012?
3100
In base 15, what is 172 - 4?
16d
In base 7, what is -1 - -43?
42
In base 16, what is -1 - 3f?
-40
In base 10, what is 2 + 423?
425
In base 6, what is -34000 - 0?
-34000
In base 13, what is 16a + -26?
144
In base 15, what is -5 - -22?
1c
In base 7, what is -32 - 0?
-32
In base 2, what is -10 - -101001?
100111
In base 14, what is 2 - -26?
28
In base 8, what is -7170 + -4?
-7174
In base 5, what is -13301 - 4?
-13310
In base 13, what is 3 - 670?
-66a
In base 3, what is -2 - -11220?
11211
In base 4, what is 22 + -32?
-10
In base 2, what is -101 + 1111?
1010
In base 14, what is 0 - -4?
4
In base 3, what is 2 + -1000?
-221
In base 9, what is 4 + 47?
52
In base 3, what is 12 + 1221?
2010
In base 7, what is -55 + -14?
-102
In base 2, what is -1 + 111111?
111110
In base 5, what is 30 + -1?
24
In base 8, what is 37 - -5?
44
In base 4, what is 21 + 2133?
2220
In base 16, what is -2 + -2ea?
-2ec
In base 8, what is 600 + -10?
570
In base 12, what is -1 - -50?
4b
In base 6, what is 0 + 255?
255
In base 10, what is 577 + 5?
582
In base 16, what is -55 + -8?
-5d
In base 5, what is -422 - 2?
-424
In base 9, what is 65 - -40?
115
In base 9, what is 4 + -118?
-114
In base 15, what is -cdc - 1?
-cdd
In base 12, what is -10 + 31?
21
In base 8, what is -236 + 75?
-141
In base 5, what is -1104234 - 2?
-1104241
In base 11, what is -442 - -2?
-440
In base 5, what is 1 + 2423?
2424
In base 2, what is 1011011 + 1111100?
11010111
In base 9, what is -381 + 0?
-381
In base 3, what is 21 - 122?
-101
In base 4, what is -11 - -1110?
1033
In base 11, what is -2 - -9?
7
In base 7, what is -24 - -23?
-1
In base 14, what is 49 + 1c?
67
In base 14, what is -26d - -3?
-26a
In base 6, what is -3311 - 1?
-3312
In base 3, what is 11 + 10212?
11000
In base 3, what is -201211 + -1?
-201212
In base 7, what is 145 - 1056?
-611
In base 13, what is 93 + -2?
91
In base 7, what is -113 + 122?
6
In base 3, what is 2212 + 10?
2222
In base 12, what is 1b1 - 5?
1a8
In base 16, what is -3 - ec?
-ef
In base 8, what is -1 + 15?
14
In base 11, what is 5 + 115?
11a
In base 8, what is -344 - 4?
-350
In base 10, what is -2 + 16?
14
In base 12, what is -16 - -30?
16
In base 8, what is -520 + -7?
-527
In base 10, what is -94 - 1?
-95
In base 10, what is 65 - 11?
54
In base 11, what is -2a + -8?
-37
In base 7, what is 21313 - 0?
21313
In base 16, what is 3bd + -2?
3bb
In base 11, what is -149 + 5?
-144
In base 11, what is -133 - -5?
-129
In base 5, what is -111 + 20?
-41
In base 7, what is -5 + -263?
-301
In base 16, what is 0 - -9a8?
9a8
In base 13, what is 6 + 3?
9
In base 4, what is 30312 + -1?
30311
In base 16, what is 43 + 0?
43
In base 14, what is -11 - -122?
111
In base 7, what is -3 + 25?
22
In base 8, what is 26 + -213?
-165
In base 16, what is -b + 37b?
370
In base 4, what is 333213 + 0?
333213
In base 7, what is -2 - -1220?
1215
In base 7, what is 10 - -1263?
1303
In base 9, what is 3 + -15?
-12
In base 11, what is -5 + -465?
-46a
In base 2, what is 110010011 - -10?
110010101
In base 14, what is -2 - -56?
54
In base 8, what is 130 - -10?
140
In base 15, what is -1 - -59d?
59c
In base 15, what is -5 - -6e2?
6dc
In base 15, what is 8 - -ca?
d3
In base 8, what is -5653 - 4?
-5657
In base 2, what is -110010101 - -11?
-110010010
In base 11, what is 33 + -5?
29
In base 2, what is -101 + -10001?
-10110
In base 8, what is -7 - 1622?
-1631
In base 4, what is 10 - -102?
112
In base 9, what is -3461 - -4?
-3456
In base 10, what is 2 - 194?
-192
In base 10, what is 3 - 51?
-48
In base 15, what is 0 + -b5?
-b5
In base 2, what is -110010 + -101?
-110111
In base 14, what is d1 - 25?
aa
In base 13, what is 4 + 60?
64
In base 8, what is 77 + -3?
74
In base 13, what is 1 - -88?
89
In base 5, what is -24311 - 1?
-24312
In base 12, what is 9 + 2?
b
In base 8, what is -13 - 33?
-46
In base 5, what is -4 - 214?
-223
In base 3, what is -12 - 12021?
-12110
In base 16, what is -3 + 2?
-1
In base 6, what is 511 - 24?
443
In base 16, what is 3 - 3?
0
In base 7, what is 15 + -5?
10
In base 7, what is 1 + 56?
60
In base 2, what is 110000110 - 101?
110000001
In base 4, what is 2020 - -332?
3012
In base 13, what is -2 - -16?
14
In base 7, what is 3150 - -11?
3161
In base 7, what is -21 + 5?
-13
In base 10, what is 12 - -84?
96
In base 4, what is 1103 - -1?
1110
In base 14, what is -c - -c?
0
In base 3, what is 21 - -2?
100
In base 6, what is -12 - -1124?
1112
In base 12, what is -2 - 4842?
-4844
In base 14, what is 0 + -357?
-357
In base 6, what is 52 + 110?
202
In base 3, what is -100212 - -100?
-100112
In base 14, what is 98 + -3?
95
In base 2, what is 10 - 1000101?
-1000011
In base 3, what is 12 - 121012?
-121000
In base 5, what is 12 + -24?
-12
In base 5, what is -13112 + -3?
-13120
In base 8, what is 2 - -43?
45
In base 10, what is -17 + -5?
-22
In base 13, what is -916 + -9?
-922
In base 10, what is -8 + 49?
41
In base 2, what is -1010 - -101?
-101
In base 8, what is 2116 - -4?
2122
In base 2, what is -101 + -100010011?
-100011000
In base 6, what is -2 + -231?
-233
In base 3, what is 1 - 1112012?
-1112011
In base 14, what is -1350c + 3?
-13509
In base 16, what is 1 - -4?
5
In base 12, what is 317 - -2?
319
In base 5, what is 4 + -24104?
-24100
In base 9, what is 20 - 30?
-10
In base 12, what is -3 + 4?
1
In base 4, what is 0 + 222330?
222330
In base 9, what is -753 + -3?
-756
In base 6, what is 3 + 124?
131
In base 7, what is 24 + 101?
125
In base 15, what is -d6 - 12?
-e8
In base 5, what is 10 + 10?
20
In base 5, what is -111 + 10?
-101
In base 16, what is -1 - 30?
-31
In base 5, what is 2302 + 0?
2302
In base 3, what is 2220 + -10?
2210
In base 12, what is 671 + 1?
672
In base 5, what is 1 + -2033?
-2032
In base 7, what is -10462 + 6?
-10453
In base 12, what is 28 + -97?
-6b
In base 6, what is -253 + -4?
-301
In base 12, what is -134 + b5?
-3b
In base 7, what is -13512 - 1?
-13513
In base 7, what is 250 - 0?
250
In base 14, what is -1 - 14c?
-14d
In base 2, what is -1010 - 100100?
-101110
In base 5, what is -2 + 3102?
3100
In base 11, what is 20 + -85?
-65
In base 2, what is 111110 + -11?
111011
In base 4, what is 1302 - 12?
1230
In base 15, what is -246 - 0?
-246
In base 12, what is 897 - 3?
894
In base 4, what is 11 - 21?
-10
In base 5, what is 2 + 202?
204
In base 5, what is -1 - -243431?
243430
In base 14, what is -5 + 12d?
128
In base 9, what is -23345 + 1?
-23344
In base 11, what is 45a - 8?
452
In base 13, what is 0 + -2b?
-2b
In base 2, what is 10 + -1001001011?
-1001001001
In base 12, what is 88 + -29?
5b
In base 14, what is -4a - 1?
-4b
In base 16, what is 4 - -3?
7
In base 16, what is -f4a + 5?
-f45
In base 2, what is -110 + 100110?
100000
In base 12, what is 3a + -5?
35
In base 12, what is 3217 + -5?
3212
In base 10, what is -2 + 81?
79
In base 13, what is 1a - -34?
51
In base 14, what is 1 - 46?
-45
In base 10, what is 2 - -503?
505
In base 4, what is -33 + 30?
-3
In base 2, what is -1101011 - -1000100?
-100111
In base 2, what is -1000101 + 11?
-1000010
In base 16, what is -2 - -32?
30
In base 9, what is 140 + 13?
153
In base 14, what is -525d - -3?
-525a
In base 10, what is -2689 - -2?
-2687
In base 14, what is -2 + 99?
97
In base 11, what is 546 + -2?
544
In base 15, what is 83 - -58?
db
In base 3, what is 0 - 111111?
-111111
In base 16, what is -16d + 7?
-166
In base 5, what is 2242 + 10?
2302
In base 15, what is 5 - 2243?
-223d
In base 2, what is -1000101 + 110001?
-10100
In base 14, what is -4ac - 1?
-4ad
In base 16, what is -223a - 5?
-223f
In base 9, what is -33 - 180?
-223
In base 4, what is -2 + 112?
110
In base 6, what is -35 + 3054?
3015
In base 14, what is 2 - 17a?
-178
In base 2, what is 1 - 1010000111?
-1010000110
In base 15, what is 2 + -143?
-141
In base 6, what is 424 - 20?
404
In base 6, what is 2 + -45?
-43
In base 6, what is -430 - -11?
-415
In base 10, what is 24510 - 2?
24508
In base 12, what is 99 - 1?
98
In base 11, what is -4 + 41?
38
In base 6, what is 10 + -112?
-102
In base 12, what is -466 + 0?
-466
In base 6, what is -100 - 2?
-102
In base 2, what is -1 + 101001000011?
101001000010
In base 7, what is 235 - 10?
225
In base 4, what is 133212 + 0?
133212
In base 2, what is -10111001010 - 1?
-10